ert -112 (base 4) to base 13.
-19
Convert -284 (base 10) to base 15.
-13e
-107 (base 8) to base 15
-4b
Convert 100 (base 2) to base 10.
4
Convert 410 (base 7) to base 2.
11001011
What is 11 (base 15) in base 16?
10
Convert -13 (base 12) to base 7.
-21
Convert 2 (base 7) to base 5.
2
-7 (base 11) to base 2
-111
Convert -1001 (base 2) to base 4.
-21
-210 (base 3) to base 12
-19
Convert 3 (base 11) to base 8.
3
4 (base 12) to base 10
4
Convert -18 (base 12) to base 3.
-202
What is -195 (base 10) in base 16?
-c3
What is -3113 (base 4) in base 13?
-137
Convert -7 (base 8) to base 11.
-7
-2 (base 8) to base 4
-2
7 (base 8) to base 13
7
What is -22 (base 5) in base 6?
-20
4 (base 11) to base 12
4
Convert 11 (base 10) to base 13.
b
Convert 3 (base 5) to base 8.
3
What is 11 (base 3) in base 15?
4
Convert 21 (base 9) to base 7.
25
62 (base 7) to base 14
32
What is -14 (base 5) in base 14?
-9
What is -312 (base 4) in base 8?
-66
0 (base 14) to base 13
0
-3 (base 16) to base 12
-3
Convert 3 (base 5) to base 4.
3
What is 44 (base 6) in base 11?
26
Convert 115 (base 10) to base 11.
a5
Convert -4 (base 10) to base 14.
-4
320 (base 6) to base 9
143
5 (base 13) to base 5
10
What is 16 (base 12) in base 2?
10010
Convert 3 (base 8) to base 16.
3
2 (base 11) to base 8
2
What is -23 (base 5) in base 12?
-11
Convert 30 (base 11) to base 3.
1020
Convert 28 (base 14) to base 15.
26
What is 10022 (base 3) in base 14?
65
Convert -15 (base 16) to base 4.
-111
-64 (base 14) to base 15
-5d
What is 1 (base 4) in base 6?
1
-13 (base 12) to base 15
-10
Convert -10 (base 16) to base 12.
-14
Convert -11 (base 10) to base 13.
-b
Convert 3 (base 4) to base 9.
3
Convert -17 (base 8) to base 11.
-14
24 (base 5) to base 16
e
-282 (base 10) to base 13
-189
What is -a8 (base 15) in base 10?
-158
What is -24 (base 15) in base 14?
-26
What is 0 (base 5) in base 4?
0
What is -11 (base 7) in base 16?
-8
What is -20 (base 3) in base 9?
-6
Convert 11323 (base 4) to base 14.
1d1
What is 5 (base 11) in base 12?
5
36 (base 11) to base 5
124
1011110 (base 2) to base 6
234
-9 (base 14) to base 16
-9
3 (base 6) to base 13
3
9a (base 13) to base 8
177
What is -4 (base 12) in base 13?
-4
Convert -110 (base 4) to base 11.
-19
What is -304 (base 7) in base 5?
-1101
-344 (base 5) to base 14
-71
-1 (base 11) to base 9
-1
Convert 1000 (base 2) to base 11.
8
Convert 1040 (base 5) to base 10.
145
1 (base 2) to base 4
1
101 (base 2) to base 7
5
Convert -60 (base 9) to base 12.
-46
Convert 0 (base 9) to base 6.
0
-9 (base 10) to base 5
-14
-2 (base 15) to base 6
-2
Convert -10110 (base 2) to base 15.
-17
Convert -47 (base 10) to base 12.
-3b
What is -2 (base 3) in base 15?
-2
53 (base 10) to base 6
125
Convert 60 (base 11) to base 14.
4a
What is -aa (base 12) in base 3?
-11211
Convert -41 (base 12) to base 13.
-3a
Convert -8 (base 15) to base 6.
-12
211 (base 3) to base 6
34
-c3 (base 14) to base 3
-20100
Convert 11 (base 4) to base 5.
10
Convert 2 (base 7) to base 5.
2
What is 0 (base 6) in base 10?
0
10010 (base 2) to base 14
14
Convert 10101 (base 2) to base 5.
41
What is 87 (base 15) in base 9?
151
2 (base 10) to base 13
2
What is -45 (base 11) in base 14?
-37
1 (base 4) to base 14
1
22 (base 3) to base 14
8
Convert 2 (base 5) to base 16.
2
What is 132 (base 4) in base 11?
28
What is -37 (base 12) in base 7?
-61
30 (base 4) to base 13
c
-35 (base 14) to base 6
-115
Convert 1 (base 12) to base 11.
1
What is -b (base 15) in base 16?
-b
8 (base 14) to base 9
8
What is -38 (base 15) in base 4?
-311
3 (base 13) to base 11
3
-40 (base 11) to base 9
-48
Convert -5 (base 13) to base 12.
-5
What is 48 (base 16) in base 14?
52
Convert 13 (base 6) to base 2.
1001
What is -c (base 14) in base 3?
-110
What is 230 (base 5) in base 4?
1001
What is -4 (base 15) in base 13?
-4
What is 133 (base 4) in base 13?
25
What is -89 (base 14) in base 16?
-79
b4 (base 15) to base 7
331
Convert -102 (base 3) to base 9.
-12
4 (base 12) to base 10
4
-79 (base 12) to base 10
-93
What is 12 (base 6) in base 13?
8
What is 11110 (base 2) in base 3?
1010
What is -100101 (base 2) in base 7?
-52
42 (base 7) to base 9
33
Convert -20012 (base 3) to base 5.
-1132
What is 0 (base 12) in base 8?
0
Convert 134 (base 5) to base 11.
40
What is -5c (base 15) in base 5?
-322
-202 (base 7) to base 2
-1100100
1 (base 12) to base 16
1
8f (base 16) to base 2
10001111
-10 (base 9) to base 15
-9
Convert 143 (base 5) to base 4.
300
Convert -13 (base 6) to base 9.
-10
Convert e9 (base 16) to base 7.
452
Convert 5 (base 11) to base 6.
5
What is -30 (base 13) in base 2?
-100111
Convert 64 (base 14) to base 5.
323
4 (base 11) to base 9
4
111 (base 10) to base 15
76
What is 71 (base 9) in base 5?
224
15 (base 15) to base 11
19
-6 (base 11) to base 15
-6
Convert 3 (base 9) to base 14.
3
Convert -144 (base 11) to base 6.
-441
76 (base 13) to base 7
166
551 (base 6) to base 2
11010011
Convert -4 (base 14) to base 13.
-4
-1000010 (base 2) to base 3
-2110
Convert e (base 15) to base 14.
10
-14 (base 14) to base 11
-17
Convert d (base 16) to base 11.
12
6 (base 10) to base 3
20
What is -3 (base 4) in base 11?
-3
Convert -1 (base 15) to base 4.
-1
-4b (base 12) to base 5
-214
Convert -11 (base 15) to base 12.
-14
What is 72 (base 10) in base 16?
48
What is -5d (base 16) in base 8?
-135
What is 42 (base 11) in base 4?
232
Convert 5e (base 16) to base 15.
64
What is 10011101 (base 2) in base 8?
235
What is 5a (base 12) in base 13?
55
What is 21 (base 7) in base 8?
17
What is -1 (base 4) in base 7?
-1
Convert 4 (base 11) to base 8.
4
Convert -2120 (base 3) to base 8.
-105
1b (base 15) to base 5
101
Convert -61 (base 9) to base 7.
-106
What is 5 (base 6) in base 4?
11
3 (base 10) to base 13
3
Convert 8 (base 12) to base 8.
10
4 (base 14) to base 13
4
What is -436 (base 7) in base 9?
-267
What is -14 (base 5) in base 10?
-9
What is b0 (base 12) in base 16?
84
-34 (base 9) to base 5
-111
What is 7 (base 13) in base 3?
21
What is -1010000 (base 2) in base 7?
-143
What is 5 (base 6) in base 16?
5
Convert -7a (base 15) to base 2.
-1110011
3 (base 4) to base 7
3
5 (base 10) to base 14
5
103 (base 12) to base 9
173
Convert 8 (base 9) to base 5.
13
Convert 173 (base 11) to base 6.
533
What is 10 (base 10) in base 9?
11
-15 (base 9) to base 4
-32
-266 (base 8) to base 3
-20202
What is 5 (base 7) in base 2?
101
-26 (base 14) to base 10
-34
14 (base 9) to base 15
d
What is -13 (base 16) in base 10?
-19
Convert 45 (base 7) to base 5.
113
-171 (base 9) to base 2
-10010001
What is -6 (base 15) in base 7?
-6
Convert -10 (base 4) to base 8.
-4
-22121 (base 3) to base 11
-1a1
Convert -46 (base 9) to base 6.
-110
What is -5 (base 9) in base 11?
-5
Convert 6 (base 10) to base 11.
6
Convert -2 (base 5) to base 14.
-2
Convert c9 (base 15) to base 14.
d7
Convert 22 (base 11) to base 6.
40
What is -6 (base 10) in base 4?
-12
Convert 1 (base 13) to base 11.
1
7 (base 14) to base 9
7
0 (base 14) to base 5
0
What is 100010 (base 2) in base 15?
24
Convert 5 (base 11) to base 10.
5
Convert 2 (base 3) to base 9.
2
21 (base 15) to base 2
11111
Convert 104 (base 13) to base 3.
20102
Convert -212 (base 3) to base 10.
-23
What is 8a (base 14) in base 11?
101
What is 20 (base 5) in base 2?
1010
104 (base 12) to base 16
94
What is 10 (base 11) in base 14?
b
Convert 1011 (base 2) to base 3.
102
1 (base 2) to base 12
1
What is 34 (base 8) in base 5?
103
Convert -2 (base 9) to base 12.
-2
What is -77 (base 10) in base 13?
-5c
Convert 5 (base 8) to base 5.
10
Convert 11002 (base 3) to base 6.
302
Convert 0 (base 4) to base 16.
0
-21 (base 3) to base 11
-7
-1 (base 16) to base 3
-1
What is -23 (base 5) in base 12?
-11
Convert 20 (base 9) to base 2.
10010
What is 7b (base 14) in base 6?
301
-84 (base 12) to base 2
-1100100
What is -1 (base 8) in base 14?
-1
Convert -43 (base 13) to base 10.
-55
Convert -165 (base 7) to base 4.
-1200
-1 (base 11) to base 16
-1
What is 2 (base 6) in base 14?
2
What is 2 (base 10) in base 12?
2
Convert 13 (base 14) to base 10.
17
-c (base 14) to base 9
-13
What is 42 (base 8) in base 13?
28
What is 72 (base 14) in base 10?
100
What is 110 (base 11) in base 9?
156
2 (base 13) to base 11
2
What is 2 (base 13) in base 8?
2
-1333 (base 4) to base 12
-a7
110 (base 4) to base 10
2